sor of o and i.
15
Suppose -3*r + 497 = o, 2*r + 1014 = 4*o - 1016. Calculate the highest common factor of o and 46.
46
Let v = -3 + 20. Let n(f) = -f**3 + 17*f**2 + f + 18. Let s be n(v). What is the greatest common divisor of 5 and s?
5
Let m = 25 + -15. Let u be 64/(-40)*(-50)/4. What is the highest common factor of m and u?
10
Let x(p) = -9*p**3 - 3*p**2 - p + 1. Let l be x(-2). Let c = l - 33. Calculate the highest common factor of c and 12.
6
Let m(a) = -26*a + 457. Let g be m(-22). What is the highest common factor of g and 21?
21
Suppose 6 + 0 = 3*m. Suppose -8 = -m*u, 0 = 2*p + u + 4*u - 20. Suppose p = 4*l - 13 - 39. Calculate the highest common factor of l and 143.
13
Suppose 14*c - 73 = -409. Let n = 37 + c. Let t = -180 - -271. Calculate the greatest common factor of n and t.
13
Let h = 55 + -19. Suppose -17 = -4*y + 3*i, 0*y = 3*y + 3*i + 3. Suppose -134 = -5*c - 4*b - 2, -y*b = -6. Calculate the greatest common divisor of c and h.
12
Let i(b) = 35*b + 1. Let o be i(1). Suppose -o = -2*k + 28. Suppose 5*z = -3*z + 384. What is the highest common divisor of k and z?
16
Suppose 0 = 50*v - 1647 + 247. What is the highest common divisor of v and 12?
4
Let p be (-1)/(1/((-5)/5*61)). What is the highest common factor of 61 and p?
61
Let m be (-16 - -4)*-2*9. Suppose 6*o + m = 8*o. Calculate the greatest common factor of o and 27.
27
Let r be (2 - 3) + (-2 - -114). What is the highest common factor of 74 and r?
37
Suppose 3*u - 2*u - 7 = 0. Let p = -7 + 10. Suppose p*x + 112 = 7*x. Calculate the greatest common divisor of u and x.
7
Let q = 88 - -11. Let b(n) = 8*n - 1. Let f be b(-3). Let a = -16 - f. What is the highest common factor of q and a?
9
Let r(q) = -46*q**3 - q - 1. Let f be r(-1). Suppose i = 4*p + 17, p + f + 7 = 4*i. What is the greatest common factor of i and 91?
13
Let k(n) = 18*n**2 - 2*n - 1. Let c be k(-2). Let o = c + -40. Calculate the highest common factor of o and 14.
7
Suppose -4 = 2*b - 8. Suppose -b*m - 4*p = -26, 0 = -m + 3*p - 6*p + 15. Calculate the greatest common divisor of m and 9.
9
Let a(i) be the second derivative of i**5/20 - i**4/2 - i**3 + i**2/2 - 13*i. Let m be a(7). Let p = m + 6. Calculate the greatest common factor of 28 and p.
14
Let w be -7 + (29 - (-2 + 6)). Suppose -137 - 13 = -5*o. Calculate the greatest common divisor of o and w.
6
Let f(t) = -t**3 + 9*t**2 + 10*t. Let x = 23 + -13. Let v be f(x). Let r = 27 - v. What is the greatest common divisor of r and 216?
27
Let j(b) = -2*b**3 - 16*b**2 - 32*b - 113. Let o be j(-7). What is the highest common factor of o and 4927?
13
Let k = 926 - 601. Calculate the greatest common divisor of k and 104.
13
Let a = 30 - 14. Suppose p = a + 4. What is the highest common divisor of 160 and p?
20
Let k be 3/8 - (-3 - (-3855)/(-24)). What is the greatest common factor of 287 and k?
41
Suppose -4 = -3*w + 11. Suppose -9 - 1 = w*q. Let i be (-2)/(4*q/60). What is the highest common divisor of i and 105?
15
Let x be (-124)/(-8)*12 + -3 + 1. Calculate the greatest common factor of 23 and x.
23
Let q = -140 - -251. Suppose -3*z - 36 = q. Let g be -3*1*z/21. What is the highest common factor of 77 and g?
7
Let g be 7680/(-60)*(-21)/6. What is the highest common divisor of g and 308?
28
Let n be ((-3)/(-9))/(1/39). Suppose 11 = o - 2*u, 2*o - 59 = -2*u - n. Let v(w) = -w + 27. Let k be v(8). Calculate the highest common factor of o and k.
19
Let l be 47/(2/(90/5)) - -4. What is the highest common factor of 7 and l?
7
Let q(z) = -11*z + 1. Let b(f) = -21*f + 1. Let m(w) = -4*b(w) + 7*q(w). Let v be m(3). Calculate the greatest common factor of v and 12.
12
Let b = 1660 - 1647. Suppose -2*o + 650 = -0*o. What is the highest common factor of b and o?
13
Let o = -35 - -49. Let r = 1083 + -1048. What is the greatest common factor of o and r?
7
Suppose 4*h + 161 = 3*d - 11, d + 3*h = 53. Calculate the greatest common factor of 14 and d.
14
Let l(z) = 7*z - 8. Let w(v) = 4*v - 4. Let i(r) = -6*l(r) + 14*w(r). Let g be i(2). What is the greatest common divisor of 30 and g?
10
Suppose 0 = -r - 10 + 15. Suppose z + 4*s - 41 = 0, 3*z - r*s - 37 = 1. What is the highest common factor of z and 14?
7
Let t(j) = j**2 - 17*j + 4. Let r be t(25). What is the highest common divisor of 12 and r?
12
Let m be (0 + 1)/(1/10). Calculate the highest common divisor of m and 750.
10
Let i = -2 - -5. Let x = 1798 + -1774. What is the greatest common divisor of x and i?
3
Let r = 1873 - 1593. Calculate the greatest common divisor of 80 and r.
40
Suppose -63*a = -58*a - 2030. What is the greatest common factor of 87 and a?
29
Suppose y = -2*v + 652, -173 = v - y - 505. Calculate the greatest common divisor of v and 8.
8
Suppose -3*n = 5*d, 4*n + 36 = 4*d + 4. Let m be 600/16 + d/(-2). What is the highest common factor of 252 and m?
36
Suppose -115 = -3*r - 5*w, 2*r + 17 - 62 = 3*w. Let f(d) = -14*d + 1. Let j be f(-1). What is the highest common factor of r and j?
15
Let i be -1 + 1 - (-3 + -410). Suppose 2*a = -5*n - i, -3*n + a = -4*n - 85. Let u = n - -141. What is the greatest common divisor of u and 12?
12
Suppose 1273 = 15*d - 1112. Calculate the highest common divisor of 3 and d.
3
Let m = -985 + 1006. What is the highest common factor of 1344 and m?
21
Let m = 420 - 310. Calculate the greatest common factor of 352 and m.
22
Let b = 4 - -18. Suppose 96 = 2*f - b. Let i = -41 + f. Calculate the highest common factor of 144 and i.
18
Suppose 4*f = -24*f + 10220. Calculate the highest common divisor of 5 and f.
5
Suppose 4*r - 72 = 2*r. Let p be (r/14)/((-15)/(-105)). What is the greatest common factor of p and 144?
18
Suppose 4*o + p = 17, -o = -2*p - 22 + 29. What is the greatest common factor of 21 and o?
3
Let r(z) = -z**2 + 36*z - 136. Let n be r(8). What is the highest common factor of n and 341?
11
Suppose 1145 = -5*w + 5*y, 3*w = 2*y + 3*y - 685. Let a be (-8)/(-52) - w/26. Suppose -8*u + a = -7. Calculate the highest common factor of u and 10.
2
Suppose -2*m + p + 336 = -1154, -5*m - 2*p = -3734. Let x = m - 295. Calculate the highest common factor of 41 and x.
41
Suppose 6*h + 138 = 24. Let p = 34 + h. Calculate the highest common divisor of p and 15.
15
Let y(k) = -k**2 + 1. Let u(b) = 7*b**2 - 4*b - 20. Let h(q) = -u(q) - 6*y(q). Let f be h(6). What is the greatest common divisor of 6 and f?
2
Let s = -213 + 224. Calculate the highest common factor of 1 and s.
1
Let f = 48 + -44. Let m be -2*(-30 + 2)/f. What is the greatest common divisor of m and 7?
7
Let q(v) be the third derivative of v**5/60 - v**4/12 + v**3/3 + 4*v**2. Let h = -18 + 20. Let s be q(h). Calculate the greatest common divisor of s and 16.
2
Let h(a) = -a**3 - 6*a**2 - 3*a + 3. Suppose 0 = -v + 2*u, -3*v = v + 3*u + 33. Let c be h(v). Let n = 4 - 1. Calculate the greatest common factor of n and c.
3
Let b(r) = 41*r**2 + 1. Let j be b(-1). Let k(f) = -f**3 + 5*f**2 - 5*f + 4. Let g be k(2). What is the greatest common factor of g and j?
6
Let q(y) = -y**3 - 15*y**2 - 3*y - 41. Let t be q(-15). Suppose 8 = r + 4*s + t, 0 = 3*r + 3*s - 21. Calculate the highest common factor of 64 and r.
8
Let u = 27 - 25. Suppose 5*t = 15, u*t - 3 = w - 9. What is the greatest common factor of w and 60?
12
Let j(g) = 2*g**2 - 46*g - 118. Let y be j(-21). What is the greatest common divisor of y and 10?
10
Let c = 180 + -148. What is the greatest common factor of c and 184?
8
Suppose 5*i = 2*s - 33, -5*s + 2*i = -39 + 9. Calculate the highest common divisor of 3 and s.
1
Let p(m) = m**3 - 11*m**2 + 6*m + 4. Suppose -4*o + 12 = -12. Let c be p(o). Let r be (-3)/(564/c + 4). What is the greatest common factor of 15 and r?
15
Let f = 102 + -91. Calculate the greatest common divisor of f and 297.
11
Let d = -53 + 63. Let v be 1792/36 + (-40)/(-18) + -2. What is the highest common divisor of d and v?
10
Let g = 255 - 163. Suppose 0*a - g = -a. Let h = a + -64. What is the highest common factor of 42 and h?
14
Suppose 47*m - 34*m = 6929. Calculate the greatest common factor of m and 13.
13
Suppose -3*p - 306 = -3*a, -4*p + 9*p = 4*a - 411. Suppose -851 + 869 = 2*c. What is the greatest common factor of a and c?
9
Let c(a) = 402*a**2 + 5*a + 19. Let v be c(-2). Calculate the highest common divisor of v and 66.
33
Let m(d) = -